w). Let z(q) be the second derivative of q**3/3 - 7*q**2/2 - q. Give z(o).
3
Let q(f) = 2*f + 3 - 2 - f**2 + 5 - 4. Determine q(3).
-1
Let r(v) = v**3 + 7*v**2 - 11*v - 7. Let n = -93 - -85. What is r(n)?
17
Let k(o) be the second derivative of -1/6*o**3 + 0*o**2 + 0 + 1/12*o**4 - 1/10*o**5 - 3*o. Let x be (2/6)/((-1)/(-3)). What is k(x)?
-2
Let v = 16 + -21. Let c(w) = -w**2 - 5*w + 1. Determine c(v).
1
Suppose -2*z + 2 = -3*m, -2*m = 2*z - 4*m + 2. Let g = 9 + z. Let v(x) = g*x - 5*x + 15 - 12. Determine v(0).
3
Suppose -5*w = 4*q - w + 8, 3 = -2*q - 3*w. Let s(y) be the third derivative of -1/6*y**4 + 0*y - 1/30*y**5 - 3*y**2 + 0 + 0*y**3. What is s(q)?
-6
Let h(b) = -6*b**2 - 5*b - 5. Let m(x) = x**2 + x + 1. Let q(w) = 2*h(w) + 11*m(w). Let y(l) = l**3 + 4*l**2 + 4*l + 3. Let t be y(-3). Calculate q(t).
1
Let d(a) = -a**3 + a**2 - a. Let b be d(1). Let z(h) be the third derivative of 1/6*h**3 + 1/12*h**4 - h**2 + 1/60*h**5 + 1/20*h**6 + 0*h + 0. Calculate z(b).
-6
Suppose t + t = -10. Let d(n) = n**3 + n**2 - n + 2. Let f be d(0). Let a(y) = -4 - f*y - 2 + 1. Calculate a(t).
5
Let j(g) = -3*g**3 - 10*g**2 - 15*g + 1. Let k(m) = 2*m**3 + 5*m**2 + 8*m. Let y(f) = 3*j(f) + 5*k(f). What is y(6)?
9
Let t(a) be the second derivative of a**5/4 - 2*a**4/3 + a**3/2 - 3*a**2/2 + 5*a. Let u(j) = 4*j**3 - 7*j**2 + 3*j - 2. Let l(h) = -5*t(h) + 6*u(h). Give l(-2).
-3
Suppose 20 = -2*w + w - 5*x, 3*x + 30 = 3*w. Let c(s) = -s**2 + 4*s + 5. Determine c(w).
0
Let h = -59 + 65. Let k(c) = -c**3 + 5*c**2 + 5*c + 7. Give k(h).
1
Let g = -2 - -2. Suppose g*x - 3*x - 4*z + 19 = 0, 4*x - z = 0. Let d(c) = c**3 + c**2 - c. Calculate d(x).
1
Let r(f) = 1 - 4*f - f - f. What is r(2)?
-11
Let q(g) = -g**2 + 5*g - 12. Let t(r) = r + 1. Let p(s) = -q(s) - 3*t(s). Give p(7).
2
Let x(q) = -5 + 0 + 1 - 5*q. What is x(3)?
-19
Let g(u) be the first derivative of u**4/4 + 5*u**3/3 + 2*u**2 - u - 2. Let b be (-2 - 5/2)*(-4)/(-6). What is g(b)?
5
Let d(q) = -q**3 - 5*q**2 - 2*q - 6. Let r(b) be the first derivative of -b**4/4 - 7*b**3/3 + b**2 + 9*b + 7. Let v be r(-7). What is d(v)?
4
Let t(s) = 2*s - 4 + 2*s + 6*s + 7. Give t(-2).
-17
Let g(p) = p**2 - 2*p + 4. Let z = -8 + 5. Let q(h) = -h - 2. Let s be q(z). Let c be ((-12)/(-9) - s)*9. Determine g(c).
7
Suppose b + 6 = 4*b. Suppose -8 = 4*j, -s + b*j + 5 = -0*j. Let t(o) = -o + 1. Determine t(s).
0
Suppose -p + 2 = -2. Let j(b) = -7*b**3 + 6*b**2 + 7*b + 13. Let u(a) = 10*a**3 - 9*a**2 - 10*a - 19. Let f(y) = 7*j(y) + 5*u(y). Calculate f(p).
8
Let c(g) = -2*g - 4. Let y(q) = -1. Let o(h) = -c(h) + 6*y(h). Let w be o(4). Let z(i) = -i**2 + 5*i + 4. Determine z(w).
-2
Let f(i) be the first derivative of -i**2/2 - 2*i + 4. Suppose -p + 3 = 11. Give f(p).
6
Let u(w) = -9*w**2 - 6*w - 7. Let v(o) = -o**2 - o - 1. Let t(i) = -u(i) + 6*v(i). Give t(-1).
4
Let s(z) = z**3 - 3*z**2 + 5*z - 4. Let q = -4 + 2. Let c be (1/q)/((-1)/6). Calculate s(c).
11
Let c(k) = -k**3 - 2*k**2 + 4*k + 3. Let n be (-2)/8 - (-22)/(-8). Determine c(n).
0
Let s(v) = -v - 7. Let o be s(-10). Let j(d) = -d**3 + 4*d**2 - 3*d + 3. Determine j(o).
3
Let r(s) = s - 2. Suppose 7*h = 4*h - 12. Calculate r(h).
-6
Let r(l) = -l**3 + 7*l**2 + 2*l - 10. Let x be r(7). Let a(m) = -m**3 + 5*m**2 - 3*m - 4. Give a(x).
0
Suppose 0*p - 43 = -5*m - 2*p, -4*p - 19 = -5*m. Let r(c) = c**2 - 8*c + 9. Let i be r(m). Let v(l) = 28*l - l**2 - 18*l + 2 - 12*l + l**3. Determine v(i).
2
Let p(f) = -6*f**2 + f - 1. Let c(q) = -5*q**2 + 2*q - 2. Let w(l) = 7*c(l) - 6*p(l). What is w(-9)?
1
Let g(y) = -y**3 - 5*y**2 - 4*y - 2. Let i(u) = -u**3 - 9*u**2 - 4*u - 3. Let b(k) = -k. Let a(v) = 4*b(v) + i(v). Let o be a(-8). Give g(o).
-8
Let y(p) = 0*p + 2*p**2 + 4*p**2 + 6*p - 1. Let u(h) = 17*h**2 + 17*h - 3. Let w(m) = -4*u(m) + 11*y(m). What is w(1)?
-3
Let t(y) be the second derivative of -1/3*y**3 + 0 - 5/12*y**4 + 1/2*y**2 - 6*y. Calculate t(1).
-6
Let u(r) be the first derivative of 9 + 7/2*r**2 + 0*r - 1/3*r**3. Give u(5).
10
Let u(l) = -3*l - 1. Let k(o) be the first derivative of 3*o + 1/4*o**4 + 2 + 5/2*o**2 - 7/3*o**3. Let t be k(6). Determine u(t).
8
Suppose 4*i + 3 + 9 = 0. Let c(u) = 10 + u**2 - 4 - 6 + u. Give c(i).
6
Let t(d) be the second derivative of d**5/60 + d**4/24 + d**3/2 + 3*d. Let m(g) be the second derivative of t(g). Give m(2).
5
Let l(j) = j**2 - 6*j + 6. Let k(b) = -b**2 - 7*b - 5. Let v be k(-3). Give l(v).
13
Let g be (8/(-10))/(2/10). Let m = -5 - g. Let j(v) = -4*v**3 + 2*v**2 + 2*v + 1. Determine j(m).
5
Let u(m) = -m**3 - 7*m**2 - 4*m + 3. Suppose 0 = -x + 4*g - 14, 3*x + 2*g + 20 = -x. Give u(x).
-9
Let u(y) = y - 1. Suppose 0 = -3*k + 5*k + 2. Let a(x) = -4*x + 2. Let w(v) = k*u(v) - a(v). Suppose 0 = -g + 5 - 3. Calculate w(g).
5
Suppose 0 = -r - 2*r + 3. Suppose 9 + r = 5*g. Let k be -8*(0 - 1/g). Let n(i) = 2*i - 2. Determine n(k).
6
Let w be ((-2)/1*-1)/(-2) - -2. Let f(a) be the third derivative of -a**5/10 - a**4/12 + a**3/6 + 2*a**2. Calculate f(w).
-7
Let i(c) = c + 1. Let m(b) = -b + 24. Let p be m(21). What is i(p)?
4
Let q(v) = v**2 - v. Let l(z) = -7*z**2 + 5*z + 1. Suppose 2*p - 2 = u + 7, 6 = -p + 4*u. Let o(k) = p*q(k) + l(k). Calculate o(-3).
-5
Let m(o) = -o**2 - o + 1. Let n(l) = -l**3 + 9*l**2 + 11*l - 14. Let i(s) = -2*m(s) - n(s). Let b be i(8). Let p(g) = -g. Determine p(b).
-4
Let i be (-28)/(-16) - 1/(-4). Suppose -2*a - 1 = a - 4*r, 0 = -i*a + 3*r. Let g(j) = -j**3 - j**2 + 3*j - 3. Give g(a).
6
Let j(v) = -2*v**2 - 5*v + 8. Let w(d) = -d**2 - 4*d + 7. Let p(b) = -2*j(b) + 3*w(b). Give p(4).
13
Suppose 23 = 5*s + j + j, 2*j + 4 = 4*s. Let d(b) = -13 - 2*b**s + 13 - 3*b**2. Determine d(-2).
4
Let x be (50/4)/(-5)*4. Let c be 15/x - (-2)/(-4). Let r(m) = m + 4. Calculate r(c).
2
Let v(q) be the third derivative of 8*q**2 + 0 - 3/2*q**3 + 0*q - 1/24*q**4. Give v(-6).
-3
Let u = 3 + -3. Let g(v) be the second derivative of v**3/6 - 3*v**2/2 + 7*v. Calculate g(u).
-3
Let r(i) be the first derivative of -2*i**3/3 + 3*i**2/2 + 4*i + 3. Let g be 4/(-8)*(-6)/1. Calculate r(g).
-5
Let v be (-15)/25 - (-54)/(-10). Let b(t) = t**2 + 8*t - 2. Give b(v).
-14
Suppose -2*o + 7 = -3. Suppose r = 2*z + 2, -r + 3*r - o*z = 5. Let v(k) = -1 - 3*k**2 - 2*k + r*k - k. Determine v(-2).
-7
Let p(i) = -68*i + 135*i - 1 - 75*i - 4*i**2 + 3*i**2. What is p(-7)?
6
Let c(l) = l**2 + 4*l - 3. Let k = -54 + 50. Give c(k).
-3
Let w(t) = 4*t - 2. Let i(g) = g - 1. Let f = -3 - -2. Let d(a) = f*w(a) + 6*i(a). Suppose -p + 20 = -5*l, 4*p + 0*l = -3*l + 11. Give d(p).
6
Let i(a) = a**3 - a**2 - 2*a**3 + 0*a**2 - a - 6. Suppose -2 = -4*b + 2. Let d be (b - 1)*(-2)/4. Give i(d).
-6
Suppose 3*w - 2*w + 1 = 0. Let j(s) = -s**2 + s. Let a(y) = 6*y**2 - 4*y - 2. Let l(t) = w*a(t) - 4*j(t). Let q = 6 - 8. Give l(q).
-6
Let h(d) be the third derivative of d**6/120 - d**5/15 - 5*d**4/24 + d**3/6 - d**2. Let b be (4 + 1)/(17 - 16). Give h(b).
1
Let a(u) = -4*u**3 - 22*u**2 + 3*u - 10. Let p(b) = -3*b**3 - 15*b**2 + 2*b - 7. Let q(d) = 5*a(d) - 7*p(d). Determine q(5).
4
Let a(r) = r**2 + 7*r - 1. Let t be (24/20)/(2/5). Let z be -2*(t + (-1)/(-2)). Calculate a(z).
-1
Let t(k) = -2*k - 5. Let d(n) = n**2 - n - 7. Let s be d(0). What is t(s)?
9
Let s(w) be the second derivative of -w**4/12 + w**3/6 - 19*w. What is s(0)?
0
Let l(b) = -6*b - 8*b**2 + 11*b + b**3 + 0*b**3 + 10 + 0*b**3. Let h be l(7). Let f(c) = c**2 + 5*c + 2. Calculate f(h).
-2
Let v be (2/(-4))/(-1)*-12. Let x(w) = -w**2 - 6*w - 4. Give x(v).
-4
Let c(b) be the third derivative of b**9/60480 + b**8/3360 + b**7/1680 - 7*b**6/720 + b**5/15 + 3*b**2. Let r(f) be the third derivative of c(f). Give r(-5).
3
Let b = 34 - 34. Let y(k) = k - 11. Determine y(b).
-11
Suppose 3*o - 5*s + 34 = 0, 0*s + 5 = 5*o + 4*s. Let w = 2 - -1. Let u(y) = w + 0*y + 2*y - 5*y + 4*y. What is u(o)?
0
Let d be -2 - 1 - (4 - 3). Let j = d + 4. Suppose j*m + 12 = 4*m. Let v(b) = -b**2 + 4*b - 3. What is v(m)?
0
Let n(a) be the third derivative of a**5/60 + a**4/8 + 5*a**3/6 + 19*a**2. What is n(-4)?
9
Let q = -86 - -90. Let f(l) = -l**3 + 4*l**2 + l - 3. Calculate f(q).
1
Let p(j) = j**2 - 7*j - 1. Suppose 12*n - 11*n - 31 = -5*b, -b + 5*n = -27. Determine p(b).
-1
Let g be ((-2)/(-4))/(2/8). Suppose 0 = 2*x - 5*x + 21. Let 